s j(36)?
13
Let p(s) = -s**3 - 16*s**2 - 81*s - 55. Determine p(-5).
75
Let a(s) = 20*s - 14. Calculate a(9).
166
Let z(g) = 5*g**2 + 185*g + 546. What is z(-3)?
36
Let a(h) = 4*h - 161. Give a(-19).
-237
Let t(g) = g**2 + 89*g + 94. Determine t(-88).
6
Let d(f) = f**2 + 19*f - 713. What is d(18)?
-47
Let i(m) = -m**3 + 3*m**2 - 14*m + 17. Give i(4).
-55
Let c(g) = 203*g - 1260. Determine c(6).
-42
Let x(a) = a**3 - 7*a**2 + 7*a + 13. Determine x(5).
-2
Let m(l) = 10*l**2 - 50*l + 2. Calculate m(5).
2
Let w(f) = 2*f**2 + 155*f + 91. Give w(-77).
14
Let k(f) = -17*f + 1884. What is k(111)?
-3
Let f(z) = z**3 + 21*z**2 + 21*z + 3. Determine f(-20).
-17
Let z(h) = -20*h**3 + 47*h**2 - 44*h - 1. Calculate z(1).
-18
Let k(n) = 8*n**3 - 5*n - 7. Calculate k(-1).
-10
Let d(y) = 11934*y - 47746. Calculate d(4).
-10
Let h(z) = 5*z**2 + 265*z - 1936. What is h(7)?
164
Let i(l) = 9*l**2 - 3*l - 15. Calculate i(-3).
75
Let x(d) = -d**2 - 64*d - 357. Calculate x(-56).
91
Let q(z) = -2*z**3 + 16*z**2 - 12*z + 3. Calculate q(6).
75
Let g(x) = -2*x**2 - 21*x + 1438. Determine g(22).
8
Let r(a) = 5*a**2 + 291*a - 1399. Determine r(5).
181
Let o(b) = -10*b**3 + 1376*b**2 - 824*b + 258. Give o(137).
-16
Let t(k) = 146*k - 509. Determine t(4).
75
Let y(c) = -2*c**3 + 80*c**2 + 85*c - 38. What is y(41)?
85
Let s(b) = -2*b**3 + 68*b**2 + 54*b + 560. Calculate s(35).
0
Let y(l) = 2*l**2 + 81*l + 207. Determine y(-38).
17
Let i(c) = -3*c**2 + 173*c - 169. What is i(1)?
1
Let j(b) = -b**3 - 85*b**2 - 886*b - 721. Determine j(-73).
9
Let f(l) = -l**2 - 36*l - 136. What is f(-21)?
179
Let y(w) = 12*w**2 + 38*w + 1. Give y(-4).
41
Let r(f) = -f**3 + 44*f**2 - 60*f + 716. Give r(43).
-15
Let p(l) = 13*l**2 + 124*l + 487. Determine p(-4).
199
Let o(a) = -a**3 - 5*a + 33. Give o(-8).
585
Let k(w) = w**3 + 11*w**2 - 154*w - 23. Calculate k(-19).
15
Let u(h) = h**3 + 37*h**2 + 6*h + 229. What is u(-37)?
7
Let d(x) = 8*x + 28. What is d(2)?
44
Let y(k) = -5*k**2 + 338*k - 226. Give y(67).
-25
Let a(z) = 52*z + 4678. Determine a(-90).
-2
Let y(n) = 13*n**2 - 75*n - 14. Calculate y(6).
4
Let n(y) = y**3 - 694*y**2 + 4152*y - 4. Give n(6).
140
Let h(i) = i**3 + 61*i**2 + 96*i - 1394. Give h(-59).
-96
Let n(v) = -158*v - 4429. Calculate n(-28).
-5
Let s(o) = -8*o**2 - 60*o - 116. What is s(-3)?
-8
Let s(g) = g**3 + 55*g**2 - 61*g - 316. Give s(-56).
-36
Let p(q) = -302*q + 18431. Calculate p(61).
9
Let i(m) = -m**3 - 17*m + 10. Determine i(4).
-122
Let o(j) = -8*j**3 + 7*j**2 - 21*j + 36. Give o(3).
-180
Let a(j) = -5*j**2 + 2*j - 235. What is a(0)?
-235
Let y(v) = -v**3 + 37*v**2 + 212*v - 136. What is y(42)?
-52
Let b(p) = 16*p - 57. Determine b(-15).
-297
Let w(a) = -4*a**2 + 40*a - 90. Give w(3).
-6
Let t(b) = 6*b + 535. Calculate t(-95).
-35
Let h(a) = -a**3 + 4*a**2 - 4*a - 69. Give h(-3).
6
Let m(z) = -2*z**3 - z**2 + 72*z - 5. Give m(-6).
-41
Let h(c) = 2*c**3 - 9*c**2 + 4*c - 69. Determine h(5).
-24
Let d(z) = 205*z - 1532. Determine d(8).
108
Let d(g) = -5*g**2 + 428*g + 1299. Calculate d(-3).
-30
Let p(k) = -21*k**2 + 194*k - 16. Determine p(9).
29
Let u(w) = -32*w**2 + 291*w - 15. Calculate u(9).
12
Let w(s) = 359*s - 1284. What is w(4)?
152
Let l(h) = -h**3 - 70*h**2 - 4*h - 177. What is l(-70)?
103
Let u(z) = 5*z**3 - 628*z**2 - 885*z - 516. Give u(127).
-8
Let c(u) = 3*u**3 - 30*u - 21. What is c(-6)?
-489
Let x(z) = 7*z - 745. Calculate x(106).
-3
Let v(m) = m**2 - 254*m - 59495. Calculate v(-148).
1
Let u(z) = -7*z**2 - 18*z - 36. What is u(-5)?
-121
Let i(v) = -23*v**2 + 459*v - 796. Determine i(18).
14
Let x(i) = -i**2 + 80*i + 3017. Calculate x(-28).
-7
Let h(w) = -235*w + 2777. What is h(11)?
192
Let k(s) = 2*s**2 + 25*s - 5. Calculate k(0).
-5
Let i(t) = -2*t**2 - 512*t - 30450. Calculate i(-94).
6
Let k(l) = -3*l**3 + 24*l**2 - 33*l + 278. Calculate k(8).
14
Let a(c) = -c**3 + 23*c**2 + 126*c - 1985. Give a(25).
-85
Let i(a) = a**3 + 7*a**2 - 120*a - 7. Calculate i(-16).
-391
Let d(y) = y**3 - 2*y**2 + 53*y - 252. Calculate d(5).
88
Let i(r) = -r**2 - 67*r - 805. Determine i(-46).
161
Let f(r) = -2*r**2 + 6*r + 14. Give f(7).
-42
Let r(x) = -4*x**3 - 12*x**2 - 3*x - 11. Determine r(-5).
204
Let c(p) = 59*p**2 - 56*p + 17. Give c(4).
737
Let v(d) = -d**3 - 129*d**2 + 401*d + 666. Calculate v(-132).
6
Let s(v) = -171*v**3 + v**2 - 23*v + 23. Give s(1).
-170
Let w(o) = 152*o + 2209. What is w(-13)?
233
Let s(w) = -15*w**2 + 24*w - 29. Determine s(2).
-41
Let k(m) = -335*m + 1011. Determine k(3).
6
Let l(z) = -z**2 - 170*z - 494. What is l(-3)?
7
Let f(d) = -2*d**3 - 34*d**2 - 15*d + 259. What is f(-16)?
-13
Let n(c) = c**2 - 638*c + 4428. Determine n(7).
11
Let s(d) = d**3 - 12*d**2 + 12*d - 26. Determine s(6).
-170
Let r(b) = 6*b**2 - 177*b - 540. Calculate r(-3).
45
Let p(x) = 82*x**3 - 3*x**2 + 2*x. Determine p(-1).
-87
Let c(o) = -o**3 + o**2 + 37*o - 210. Calculate c(5).
-125
Let q(w) = 5*w**2 + 70*w + 119. Determine q(-2).
-1
Let s(b) = -44*b + 270. Calculate s(9).
-126
Let x(k) = -3*k**3 - 20*k**2 + 6*k - 26. Determine x(-8).
182
Let i(r) = 20*r**3 + 80*r**2 + 2*r + 5. Determine i(-4).
-3
Let c(g) = g**3 + 6*g**2 - 580*g - 4502. What is c(-8)?
10
Let t(a) = 383*a - 1910. Calculate t(5).
5
Let d(t) = -80*t - 3359. What is d(-41)?
-79
Let a(m) = -13*m**2 - 550*m - 165. Determine a(-42).
3
Let o(s) = 40*s + 505. Calculate o(-12).
25
Let i(r) = -14*r + 180. Calculate i(24).
-156
Let u(v) = v**2 + 58*v + 291. Give u(-52).
-21
Let l(z) = 2*z**2 - 703*z - 2822. Give l(-4).
22
Let l(m) = m**3 - 44*m**2 - 34*m - 131. Calculate l(45).
364
Let w(m) = -71*m - 361. Determine w(-5).
-6
Let a(j) = -126*j - 10464. What is a(-83)?
-6
Let i(s) = s**2 + 15*s - 127. Give i(12).
197
Let q(y) = -158*y - 309. Give q(-2).
7
Let c(a) = -30*a + 794. Determine c(26).
14
Let r(i) = -56*i**2 + 24*i + 25. What is r(-1)?
-55
Let g(d) = 18*d - 188. What is g(12)?
28
Let a(h) = 32*h**2 + 508*h + 859. Determine a(-14).
19
Let l(c) = 34*c**2 + 11*c + 2. Give l(-2).
116
Let l(s) = 2494*s - 39901. What is l(16)?
3
Let o(f) = -10454*f + 31350. What is o(3)?
-12
Let v(w) = -w**3 + 53*w**2 - 146*w + 2250. Calculate v(51).
6
Let l(c) = c**2 + 876*c - 25315. What is l(28)?
-3
Let k(i) = -i**3 + 10*i**2 + 7*i - 91. Calculate k(3).
-7
Let d(g) = -4*g**2 + 128*g + 1441. Give d(41).
-35
Let z(h) = 245*h - 11994. Calculate z(49).
11
Let q(k) = k**3 + 10*k**2 + 23*k + 142. Calculate q(-10).
-88
Let t(h) = -31*h**2 + 3221*h + 327. Determine t(104).
15
Let c(w) = -6*w**2 - 61*w + 37. Give c(-11).
-18
Let f(x) = -x**3 - 20*x**2 + 121*x - 18. What is f(5)?
-38
Let m(x) = -44*x**2 - 26*x - 82. What is m(-3)?
-400
Let i(r) = -r**3 - 10*r**2 + 5*r + 2. What is i(-7)?
-180
Let v(c) = -129*c - 186. Determine v(-1).
-57
Let j(y) = -82*y - 4310. Calculate j(-47).
-456
Let v(w) = -w**3 - 21*w**2 - 103*w + 37. Calculate v(-13).
24
Let b(t) = t**3 - 32*t**2 + 193*t - 6173. Calculate b(32).
3
Let g(r) = 3*r**2 + 53*r + 65. Determine g(-16).
-15
Let m(f) = -f**3 + 16*f**2 + f - 104. What is m(15)?
136
Let g(w) = 11*w + 90. Calculate g(-14).
-64
Let i(j) = 2*j**2 - 23*j + 10. Determine i(15).
115
Let o(p) = 23*p + 156. What is o(-16)?
-212
Let n(l) = l**3 - 10*l**2 + 10*l - 13. Determine n(9).
-4
Let b(c) = -c**3 - 46*c**2 - 239*c + 26. Give b(-40).
-14
Let n(m) = 4*m**2 + 148*m + 425. Give n(-34).
17
Let z(t) = -39*t - 1603. Determine z(-41).
-4
Let f(s) = 307*s**3 - s**2 - 4*s - 6. Calculate f(-1).
-310
Let m(b) = 16*b + 85. What is m(-22)?
-267
Let a(b) = -2*b**3 - 31*b**2 + 111*b - 19. Give a(3).
-19
Let a(o) = -o**3 + 9*o**2 - 14*o - 4. What is a(3)?
8
Let z(m) = 644*m + 659. Give z(-1).
15
Let i(m) = 23*m**2 + 5104*m - 447. Calculate i(-222).
-3
Let y(n) = -n**3 - 24*n**2 - 11*n - 41. Determine y(-24).
223
Let i(u) = -54*u**2 - 371*u + 50. Determine i(-7).
1
Let t(k) = 15*k - 135. What is t(7)?
-30
Let d(k) = 103*k + 1924. Calculate d(-17).
173
Let v(r) = r**3 + 26*r**2 + 23*r + 596. Calculate v(-26).
-2
Let u(z) = -78*z**3 - 7*z**2 + 8*z - 2. Give u(1).
-79
Let t(k) = -9*k**2 + 832*k + 15618. Determine t(-16).
2
Let a(g) = g**2 - 17*g - 61. Determine a(-5).
49
Let c(s) = -s**3 - 22*s**2 - 62*s + 42. Give c(-18).
-138
Let g(n) = 5*n**3 + 4*n - 3. Determine g(3).
144
Let v(d) = -19*d - 245. What is v(-13)?
2